{"id":191,"date":"2024-03-26T14:21:40","date_gmt":"2024-03-26T14:21:40","guid":{"rendered":"https:\/\/wp-lp.bertrand-kaernel.fr\/?page_id=160"},"modified":"2024-03-26T14:21:40","modified_gmt":"2024-03-26T14:21:40","slug":"association-sportive","status":"publish","type":"page","link":"https:\/\/wp.bertrand-kaernel.fr\/skol-lp\/vie-du-lycee\/association-sportive\/","title":{"rendered":"Association sportive"},"content":{"rendered":"<p>L\u2019association Sportive <em>Les Panth\u00e8res<\/em> du Lyc\u00e9e De Nouvelle-aquitaine propose \u00e0 tous les \u00e9l\u00e8ves, des pratiques sportives le mercredi apr\u00e8s-midi mais aussi en soir\u00e9e sur des activit\u00e9s comme la musculation, le cross-fit, ou le step.<\/p>\n<p>Vous pouvez pratiquer en loisir ou en comp\u00e9tition diff\u00e9rents sports (sports collectifs, badminton, cross, raid, \u2026 etc.).<\/p>\n<p>C\u2019est l\u2019occasion de se confronter \u00e0 d\u2019autres \u00e9tablissements scolaires mais vous pouvez aussi devenir arbitre, jeune reporter ou coach. Vous d\u00e9velopperez ainsi votre esprit d\u2019\u00e9quipe et vous go\u00fbterez \u00e0 la joie de la vie en collectivit\u00e9.<\/p>\n<blockquote><p>L\u2019association Sportive <em>Les Panth\u00e8res<\/em> du Lyc\u00e9e De Nouvelle-aquitaine propose \u00e0 tous les \u00e9l\u00e8ves, des pratiques sportives le mercredi apr\u00e8s-midi mais aussi en soir\u00e9e sur des activit\u00e9s comme la musculation, le cross-fit, ou le step.<\/p><\/blockquote>\n<p>Vous pouvez pratiquer en loisir ou en comp\u00e9tition diff\u00e9rents sports (sports collectifs, badminton, cross, raid, \u2026 etc.).<\/p>\n<p>C\u2019est l\u2019occasion de se confronter \u00e0 d\u2019autres \u00e9tablissements scolaires mais vous pouvez aussi devenir arbitre, jeune reporter ou coach. Vous d\u00e9velopperez ainsi votre esprit d\u2019\u00e9quipe et vous go\u00fbterez \u00e0 la joie de la vie en collectivit\u00e9.<\/p>\n\n<p>L\u2019association Sportive <em>Les Panth\u00e8res<\/em> du Lyc\u00e9e De Nouvelle-aquitaine propose \u00e0 tous les \u00e9l\u00e8ves, des pratiques sportives le mercredi apr\u00e8s-midi mais aussi en soir\u00e9e sur des activit\u00e9s comme la musculation, le cross-fit, ou le step.<\/p>\n<p>Vous pouvez pratiquer en loisir ou en comp\u00e9tition diff\u00e9rents sports (sports collectifs, badminton, cross, raid, \u2026 etc.).<\/p>\n<p>C\u2019est l\u2019occasion de se confronter \u00e0 d\u2019autres \u00e9tablissements scolaires mais vous pouvez aussi devenir arbitre, jeune reporter ou coach. Vous d\u00e9velopperez ainsi votre esprit d\u2019\u00e9quipe et vous go\u00fbterez \u00e0 la joie de la vie en collectivit\u00e9.<\/p>\n","protected":false},"excerpt":{"rendered":"<p>L\u2019association Sportive Les Panth\u00e8res du Lyc\u00e9e De Nouvelle-aquitaine propose \u00e0 tous les \u00e9l\u00e8ves, des pratiques sportives le mercredi apr\u00e8s-midi mais aussi en soir\u00e9e sur des activit\u00e9s comme la musculation, le cross-fit, ou le step. Vous pouvez pratiquer en loisir ou en comp\u00e9tition diff\u00e9rents sports (sports collectifs, badminton, cross, raid, \u2026 etc.). C\u2019est l\u2019occasion de se [&hellip;]<\/p>\n","protected":false},"author":1,"featured_media":355,"parent":41,"menu_order":0,"comment_status":"closed","ping_status":"closed","template":"","meta":{"footnotes":""},"class_list":["post-191","page","type-page","status-publish","has-post-thumbnail","hentry"],"_links":{"self":[{"href":"https:\/\/wp.bertrand-kaernel.fr\/skol-lp\/wp-json\/wp\/v2\/pages\/191","targetHints":{"allow":["GET"]}}],"collection":[{"href":"https:\/\/wp.bertrand-kaernel.fr\/skol-lp\/wp-json\/wp\/v2\/pages"}],"about":[{"href":"https:\/\/wp.bertrand-kaernel.fr\/skol-lp\/wp-json\/wp\/v2\/types\/page"}],"author":[{"embeddable":true,"href":"https:\/\/wp.bertrand-kaernel.fr\/skol-lp\/wp-json\/wp\/v2\/users\/1"}],"replies":[{"embeddable":true,"href":"https:\/\/wp.bertrand-kaernel.fr\/skol-lp\/wp-json\/wp\/v2\/comments?post=191"}],"version-history":[{"count":0,"href":"https:\/\/wp.bertrand-kaernel.fr\/skol-lp\/wp-json\/wp\/v2\/pages\/191\/revisions"}],"up":[{"embeddable":true,"href":"https:\/\/wp.bertrand-kaernel.fr\/skol-lp\/wp-json\/wp\/v2\/pages\/41"}],"wp:featuredmedia":[{"embeddable":true,"href":"https:\/\/wp.bertrand-kaernel.fr\/skol-lp\/wp-json\/wp\/v2\/media\/355"}],"wp:attachment":[{"href":"https:\/\/wp.bertrand-kaernel.fr\/skol-lp\/wp-json\/wp\/v2\/media?parent=191"}],"curies":[{"name":"wp","href":"https:\/\/api.w.org\/{rel}","templated":true}]}}