{"id":19,"date":"2024-02-22T14:22:17","date_gmt":"2024-02-22T14:22:17","guid":{"rendered":"https:\/\/wp-lp.bertrand-kaernel.fr\/?page_id=19"},"modified":"2026-04-10T08:47:58","modified_gmt":"2026-04-10T06:47:58","slug":"contact","status":"publish","type":"page","link":"https:\/\/wp.bertrand-kaernel.fr\/skol-lgt\/contact\/","title":{"rendered":"Contact"},"content":{"rendered":"<p>Dans cette page, vous pouvez d\u00e9signer plusieurs destinataires. L&rsquo;avantage c&rsquo;est que les mails des destinataires ne sont pas publi\u00e9s et expos\u00e9s au spam.<\/p>\n<p>Dans cette page un syst\u00e8me permet aussi d&rsquo;\u00e9viter les robots spams.<\/p>\n<p>Aucun plugin n&rsquo;est utilis\u00e9.<\/p>\n","protected":false},"excerpt":{"rendered":"<p>Dans cette page, vous pouvez d\u00e9signer plusieurs destinataires. L&rsquo;avantage c&rsquo;est que les mails des destinataires ne sont pas publi\u00e9s et expos\u00e9s au spam. Dans cette page un syst\u00e8me permet aussi d&rsquo;\u00e9viter les robots spams. Aucun plugin n&rsquo;est utilis\u00e9.<\/p>\n","protected":false},"author":1,"featured_media":0,"parent":0,"menu_order":0,"comment_status":"closed","ping_status":"closed","template":"page-templates\/page-contact.php","meta":{"footnotes":""},"class_list":["post-19","page","type-page","status-publish","hentry"],"_links":{"self":[{"href":"https:\/\/wp.bertrand-kaernel.fr\/skol-lgt\/wp-json\/wp\/v2\/pages\/19","targetHints":{"allow":["GET"]}}],"collection":[{"href":"https:\/\/wp.bertrand-kaernel.fr\/skol-lgt\/wp-json\/wp\/v2\/pages"}],"about":[{"href":"https:\/\/wp.bertrand-kaernel.fr\/skol-lgt\/wp-json\/wp\/v2\/types\/page"}],"author":[{"embeddable":true,"href":"https:\/\/wp.bertrand-kaernel.fr\/skol-lgt\/wp-json\/wp\/v2\/users\/1"}],"replies":[{"embeddable":true,"href":"https:\/\/wp.bertrand-kaernel.fr\/skol-lgt\/wp-json\/wp\/v2\/comments?post=19"}],"version-history":[{"count":2,"href":"https:\/\/wp.bertrand-kaernel.fr\/skol-lgt\/wp-json\/wp\/v2\/pages\/19\/revisions"}],"predecessor-version":[{"id":948,"href":"https:\/\/wp.bertrand-kaernel.fr\/skol-lgt\/wp-json\/wp\/v2\/pages\/19\/revisions\/948"}],"wp:attachment":[{"href":"https:\/\/wp.bertrand-kaernel.fr\/skol-lgt\/wp-json\/wp\/v2\/media?parent=19"}],"curies":[{"name":"wp","href":"https:\/\/api.w.org\/{rel}","templated":true}]}}